36.
9
Let s(n) = n**3 - 11*n**2 - 12*n + 2. Let u be s(12). Let l = 32 - 18. Calculate the highest common factor of l and u.
2
Let b = 7 + -4. Let c = 18 - b. Calculate the highest common divisor of 3 and c.
3
Let p = 96 - -84. Calculate the highest common divisor of p and 45.
45
Let h = -103 - -151. Calculate the greatest common factor of 24 and h.
24
Let u = 46 + -68. Let t = 44 + u. Calculate the greatest common factor of t and 2.
2
Let y(l) = -4*l - 3. Let s be y(-1). What is the highest common factor of s and 2?
1
Suppose 2*v = -4*y - 2*v + 24, -5*v - 33 = -2*y. Let x = 20 - y. Calculate the highest common divisor of 88 and x.
11
Let m(r) = -r + 43. Let d be m(16). Calculate the greatest common divisor of 27 and d.
27
Suppose 0 = -2*c - 2*l - 4, l + 6 = 3*c - 2*l. Suppose 3*y - 36 = -c*y. What is the greatest common divisor of y and 12?
12
Let q be (70/(-6))/((-1)/3). Suppose p + 0*p = q. Suppose 0 = -2*w + 10, 0 = -5*c + c - 5*w + 45. Calculate the highest common divisor of p and c.
5
Let l(t) = -2*t**3 - 7*t**2 + 7*t + 4. Let a be l(-5). What is the greatest common divisor of 44 and a?
44
Suppose g = -3*c + 131, -4*g + 219 = c - 283. Suppose -2*x - 318 = -3*k + 2*x, 0 = -k - 5*x + g. What is the greatest common factor of 10 and k?
10
Suppose -12 = -0*j - 3*j. Suppose 5*y - j = y. Let u be (-1)/(y/8)*-1. Calculate the greatest common factor of 2 and u.
2
Suppose 2*h - m - 41 = -h, 4*h + 4*m - 76 = 0. Let o = -25 + h. Let g(i) = i**2 + 10*i + 1. Let f be g(o). Calculate the highest common factor of 11 and f.
1
Suppose s = -4*x + 938, -x + 43 = -3*s - 185. Calculate the highest common divisor of x and 26.
26
Let m(z) = 2*z**2 + 5*z - 12. Let q be m(-5). Calculate the highest common divisor of 143 and q.
13
Let r = -16 + 21. Suppose -5*g + 4*g = -5*l + 60, 45 = r*l - 4*g. Calculate the highest common factor of l and 13.
13
Let b(y) = -y**3 - 3*y**2 - y - 3. Let o be b(-4). Calculate the highest common divisor of o and 34.
17
Let l be 16/(-20)*25/(-2). Suppose -4*j = -9*j + l. What is the highest common factor of 1 and j?
1
Let s = 146 + -71. What is the greatest common factor of s and 50?
25
Let s(k) = k + 3. Let g be s(0). Suppose -n + 34 = g*m - 44, 2*n - 140 = -2*m. What is the greatest common divisor of n and 6?
6
Let d = 16 - -49. Calculate the greatest common factor of 13 and d.
13
Let m = -5 - -8. Let q = 7 - m. Let f be (2 + q/(-3))*6. What is the highest common factor of f and 28?
4
Let g be 1/5 - (-28)/10. Let u = -4 - -7. Calculate the greatest common factor of g and u.
3
Suppose -c - 16 = -2*o - 4, 3*o = c + 19. Let z be -1*(2 - 2)/2. Suppose h - 6*h + 5 = z. What is the greatest common divisor of o and h?
1
Let g be 2 - -1*(1 - 0). Suppose 0 = j + 2*j - 2*w - 20, 5*j + g*w = 27. Suppose -169 = -3*m - 7. What is the greatest common divisor of m and j?
6
Let u(r) = -5*r - 5. Let g be u(5). Let w be 6/9 + g/(-9). Calculate the greatest common divisor of 4 and w.
4
Let k = 11 - 8. Let f be 4 - (k + 0)*-29. Calculate the greatest common divisor of 13 and f.
13
Let v = 26 + -13. What is the greatest common divisor of v and 39?
13
Suppose -4 = -f - 2*i + 4, f + i = 5. Let a(l) = 37*l**2 - 3*l. Let t be a(-3). Let w be (-2)/7 - t/(-21). Calculate the greatest common factor of f and w.
2
Suppose 0 = 2*k - 0*k - 4. Suppose -k*w = 7 + 1. Let r be w/6 - (-64)/6. Calculate the highest common factor of r and 5.
5
Let p = 3 + 1. Let u = 15 + -11. Suppose 2*t - u = p. What is the greatest common divisor of 16 and t?
4
Let l = -12 - -29. Let k(n) = -17*n**3. Let p be k(-1). What is the highest common factor of l and p?
17
Let q be (1/(-1))/(2/(-2)). Let s(z) = -z + 5. Let x be s(0). What is the highest common divisor of x and q?
1
Let o = 2 - -11. What is the greatest common divisor of o and 104?
13
Let r(u) = u + 6. Let w be r(6). Calculate the highest common divisor of w and 60.
12
Let u be -1 + 13 + -2 - 3. Let k(g) = g + 6. Let w be k(u). Calculate the highest common divisor of 104 and w.
13
Let m = 13 - 2. Calculate the greatest common divisor of m and 22.
11
Let c = -11 - -15. Suppose -2*s - s + c*g = -21, 0 = 5*s + 3*g - 6. Let n be 78 - 1*(4 - s). Calculate the greatest common factor of 11 and n.
11
Let u be (48/(-15))/(2/(-110) + 0). What is the highest common factor of u and 16?
16
Suppose -3*k - 4*o + 15 = -2*o, -k - 5*o - 8 = 0. Calculate the highest common factor of 35 and k.
7
Let n be (-2 + 6/12)/((-1)/2). What is the highest common factor of n and 27?
3
Let l(y) = -2*y. Let s be l(-1). Let g be (0 + (1 - -1))*s. Let z(b) = 43*b + 1. Let f be z(1). What is the greatest common factor of f and g?
4
Suppose 3*j = -0*j - 6, -3*j = 2*o - 8. Let f(r) = -r**3 + r**2 + r + 49. Let u = -2 + 2. Let v be f(u). What is the greatest common divisor of o and v?
7
Suppose -3*t - 2*x - 2 = 1, -3*t + 6 = 5*x. Let c(l) = 2*l**2 + 2*l. Let g be c(t). Suppose 0 = 3*b - 6 - g. Calculate the highest common divisor of b and 18.
6
Suppose m - 5*v + 9 = -3, -3*v = -m - 4. Let j be (8/(-6))/((-1)/(-3)). Let w be ((-18)/j)/((-12)/(-64)). Calculate the highest common divisor of m and w.
8
Suppose -784 = -2*g + 4*t, -7*g + 1986 = -2*g + 3*t. Suppose 9*c - 4*l - 495 = 4*c, g = 4*c + 3*l. What is the greatest common factor of c and 11?
11
Let d be -2 + -11 + 8 + 43*7. Calculate the greatest common divisor of d and 37.
37
Suppose 0 = -4*r - 4, 4*a - 4*r - r = 65. Let i be (-13881)/a - 4/(-10). Let w be 1/(-2) - i/10. Calculate the greatest common factor of 23 and w.
23
Let a = -12 - -37. What is the greatest common factor of a and 5?
5
Suppose 0 = -4*o + 2*h - 8, -3*o + h = -0*h + 6. Let l be ((-14)/(-6) + o)*165. What is the greatest common factor of 22 and l?
11
Let l(w) = 5*w - 3. Let b(c) = -c - 2. Let r be b(-5). Let z be l(r). What is the highest common factor of z and 96?
12
Let o(x) = 0 - 4*x + 7 + 0 - 13*x. Let n be o(-7). Calculate the greatest common factor of 18 and n.
18
Let g be 2 - (-3)/6*0. Suppose 2*f = -g*f - 2*s - 14, -3*f - 4*s - 13 = 0. Let u be (-78)/(-10) + f/(-15). Calculate the greatest common divisor of 80 and u.
8
Suppose 167 = 3*z + f, -z + 5*z - 223 = -f. What is the highest common divisor of z and 28?
28
Suppose 4*r + 4*k - 40 = 0, -2*r + 30 = k + 3*k. Suppose -4*o - 16 = -r*o. What is the greatest common factor of o and 112?
16
Suppose 2*a + 14 = -3*s + 4, 4*a = -4*s - 20. Let c = s + 8. What is the greatest common factor of 72 and c?
8
Let q = 203 - 73. Let j = -28 - -80. What is the highest common divisor of j and q?
26
Let x(o) = 18*o**2 - 2*o - 2. Let f be x(-1). What is the greatest common divisor of f and 45?
9
Let f(o) = -o - o - 2*o - 2*o. Let u be f(-1). Suppose u*x - x - 65 = -b, 0 = 2*b - 10. What is the greatest common divisor of 60 and x?
12
Suppose -3*l - 4*i = 0, -4*i + 7*i = -2*l. Let h be 3/(-3 + l) - -15. What is the greatest common divisor of 56 and h?
14
Let h = 63 + -3. What is the greatest common factor of h and 40?
20
Let r = -25 - -47. Suppose 0 = -4*f - 4*q + 12, r = 3*f - 3*q + 1. Suppose -2*t + 7 = -23. Calculate the greatest common factor of f and t.
5
Suppose -4*i + 3*h = 25, 2*i - h - 4*h - 5 = 0. Let p = 34 - i. Calculate the greatest common factor of 66 and p.
22
Let l = -3 + 5. Let r = 43 - 40. Calculate the greatest common divisor of r and l.
1
Suppose -2*v + 2*l = 3 + 15, 2*v = -l - 9. Let t be v*3/6 - -9. Calculate the highest common factor of t and 9.
3
Let m be (-2 - 5)*(-4 - -2). Let q = 26 - m. What is the highest common factor of 108 and q?
12
Suppose 2*c = -6*u + 4*u + 14, -3*u + 17 = c. Suppose 0 = -4*a + c + 46. What is the highest common divisor of a and 132?
12
Suppose -1 - 3 = -2*q. Let l(f) = -q - 4*f - 3 - 2*f**3 + f**2 + 2. Let i be l(-3). What is the highest common factor of 9 and i?
9
Let b be (-261)/(-9) - (-3)/(6/(-4)). Calculate the greatest common factor of 189 and b.
27
Suppose -3*q + 5*s + 112 = 0, -q - q + 4*s + 72 = 0. Let h be q/(-10)*(-15)/6. What is the greatest common divisor of h and 77?
11
Suppose 4*r = -12, -r = 4*f + r - 218. Suppose 4*g - g = 0. Suppose -u + 4*u = 3*i + 30, 5*u + 4*i - 23 = g. What is the greatest common divisor of f and u?
7
Let l(w) = w**3 - 8*w**2 + 2*w + 9. Let q be l(8). Suppose 4*c - q = 27. Calculate the greatest common factor of c and